{"id":74550,"date":"2024-02-15T11:09:09","date_gmt":"2024-02-15T09:09:09","guid":{"rendered":"https:\/\/www.mes-allocs.fr\/guides\/?page_id=74550"},"modified":"2026-01-22T10:43:40","modified_gmt":"2026-01-22T09:43:40","slug":"ticket-restaurant","status":"publish","type":"page","link":"https:\/\/www.mes-allocs.fr\/guides\/ticket-restaurant\/","title":{"rendered":"Ticket Restaurant \u00ae Edenred 2025 : conditions, montants, utilisations"},"content":{"rendered":"<p><img decoding=\"async\" draggable=\"false\" src=\"https:\/\/www.mes-allocs.fr\/guides\/wp-content\/uploads\/2022\/03\/Tout-savoir-sur-le-ticket-restaurant-en-2022-e1647882415952.jpg\" alt=\"\" \/><\/p>\n<p style=\"text-align: justify;\"><b>En France, plus de 4 millions de salari\u00e9s b\u00e9n\u00e9ficient de Ticket Restaurant \u00ae (Edenred). Ces tickets sont des <a href=\"https:\/\/www.mes-allocs.fr\/guides\/aide-alimentaire\/aide-alimentaire\/\">aides alimentaires<\/a> distribu\u00e9es aux salari\u00e9s qui ne disposent pas de lieu de restauration en entreprise. L&rsquo;utilisation de ces \u00ab titres-resto \u00bb est encadr\u00e9e par des r\u00e8gles fix\u00e9es par le Code du travail. Mes Allocs vous explique tout concernant le titre-restaurant.\u00a0<\/b><\/p>\n<div class='cta-block'><div class='text'>Simulez votre toutes vos aides en 2 min.<\/div><a href='https:\/\/www.mes-allocs.fr\/ab-app?origin=guides\/wp-json\/wp\/v2\/pages\/74550' class='app-button fit'>Simulation gratuite<\/a><\/div>\n<h1 style=\"text-align: justify;\">Qu&rsquo;est-ce qu&rsquo;un titre-restaurant ?<\/h1>\n<h2>D\u00e9finition titre restaurant<\/h2>\n<p style=\"text-align: justify;\">Le Ticket Restaurant \u00ae (Edenred) ou titre-restaurant d\u00e9signe un titre de paiement qui permet au salari\u00e9 de payer son <a href=\"https:\/\/www.mes-allocs.fr\/guides\/prime-de-panier\/attribution-prime-de-panier\/prime-de-panier-nuit\/\">repas<\/a>. La remise de titres-restaurant n&rsquo;est pas une obligation pour l&#8217;employeur. Seules les entreprises et les associations ont acc\u00e8s aux titres-restaurants. Les particuliers ne peuvent pas acheter directement un titre-restaurant.<\/p>\n<p><strong>Nouveaut\u00e9 2025 <\/strong>: La chute du gouvernement de Michel Barnier avait entra\u00een\u00e9 la non-reconduction des titres-restaurants pour faire ses courses en supermarch\u00e9 en 2025, mais une proposition de loi visant \u00e0 <strong>prolonger le r\u00e9gime d\u00e9rogatoire d&rsquo;utilisation des titres-restaurant jusqu&rsquo;au 31 d\u00e9cembre 2026<\/strong> a \u00e9t\u00e9 adopt\u00e9e par le Parlement le 14 janvier 2025.<\/p>\n<p><strong>Cette loi permet \u00e0 nouveau l&rsquo;utilisation des titres-restaurant pour l&rsquo;achat de tout produit alimentaire, qu&rsquo;il soit ou non directement consommable.<\/strong><\/p>\n<h2>Les diff\u00e9rents types de titre-restaurant<\/h2>\n<p style=\"text-align: justify;\"><b>Il existe 4 types de titre-restaurant diff\u00e9rents :\u00a0<\/b><\/p>\n<ul>\n<li style=\"text-align: justify;\">Ticket Restaurant \u00ae (par Edenred)<\/li>\n<li style=\"text-align: justify;\">\u00ab\u00a0Application Bimpli \u00bb par Natixis (anciennement \u00ab Apetiz \u00bb)<\/li>\n<li style=\"text-align: justify;\">\u00ab\u00a0Ch\u00e8que D\u00e9jeuner\u00a0\u00bb par le groupe du m\u00eame nom<\/li>\n<li style=\"text-align: justify;\">\u00ab Pass\u00a0Restaurant\u00a0\u00bb par Sodexo<\/li>\n<\/ul>\n<p style=\"text-align: justify;\"><b>Ainsi, l&#8217;employeur peut remettre au salari\u00e9 des titres sous plusieurs formats\u00a0:<\/b><\/p>\n<ul>\n<li style=\"text-align: justify;\">Tickets papier sous forme de ch\u00e9quier<\/li>\n<li style=\"text-align: justify;\">Carte \u00e0 puce pr\u00e9pay\u00e9e et rechargeable (utilisable dans les m\u00eames terminaux que les cartes bancaires)<\/li>\n<li style=\"text-align: justify;\">Acc\u00e8s \u00e0 une application sur le t\u00e9l\u00e9phone<\/li>\n<\/ul>\n<p style=\"text-align: justify;\">Lorsque le salari\u00e9 b\u00e9n\u00e9ficie d&rsquo;une <a href=\"https:\/\/www.mes-allocs.fr\/guides\/aides-sante\/comment-obtenir-une-carte-d-invalidite\/\">carte<\/a> ou d&rsquo;une application sur son <span class=\"expression\">mobile<\/span>, il peut gratuitement acc\u00e9der au solde de son compte personnel de titres-restaurant.<\/p>\n<p><iframe loading=\"lazy\" title=\"Le ticket restaurant\" width=\"500\" height=\"281\" src=\"https:\/\/www.youtube.com\/embed\/dec04ze1fdk?feature=oembed\" frameborder=\"0\" allow=\"accelerometer; autoplay; clipboard-write; encrypted-media; gyroscope; picture-in-picture; web-share\" referrerpolicy=\"strict-origin-when-cross-origin\" allowfullscreen><\/iframe><\/p>\n<h1 style=\"text-align: justify;\"><span class=\"amp-wp-e98f482\" data-amp-original-style=\"color: #c43b3b;\">Quelles sont les conditions d\u2019attribution des titres-restaurant\u00a0?<\/span><\/h1>\n<h2>La liste des personnes concern\u00e9es<\/h2>\n<p style=\"text-align: justify;\">L&rsquo;attribution des titres-restaurants est tr\u00e8s encadr\u00e9e par la <a href=\"https:\/\/www.mes-allocs.fr\/guides\/aides-sante\/pension-de-reversion\/nouvelle-loi-pension-de-reversion\/\">loi<\/a>. L\u2019entreprise doit disposer\u00a0d\u2019au moins un salari\u00e9 pour pouvoir en avoir.<b> Les associations ou les fondations reconnues d\u2019utilit\u00e9 publique y ont \u00e9galement le\u00a0droit.\u00a0<\/b><b>Pour avoir droit aux titres-restaurant, vous devez obligatoirement \u00eatre au choix :\u00a0<\/b><\/p>\n<ul>\n<li style=\"text-align: justify;\">Un employ\u00e9 d\u2019une entreprise\u00a0(CDI, CDD, etc.)<\/li>\n<li class=\"amp-wp-7d27179\" style=\"text-align: justify;\" data-amp-original-style=\"text-align: justify;\">Un salari\u00e9 travaillant \u00e0 temps plein ou \u00e0 temps partiel, si la pause repas est pr\u00e9vue dans leur contrat. Un salari\u00e9 \u00e0 mi-temps qui travaille uniquement l\u2019apr\u00e8s-midi par exemple n\u2019est pas \u00e9ligible au titre restaurant<\/li>\n<li style=\"text-align: justify;\">Un int\u00e9rimaire<\/li>\n<li style=\"text-align: justify;\">Un\u00a0stagiaire r\u00e9mun\u00e9r\u00e9<\/li>\n<li style=\"text-align: justify;\">Un \u00e9tudiant en contrat d\u2019apprentissage ou de qualification<\/li>\n<li class=\"amp-wp-7d27179\" style=\"text-align: justify;\" data-amp-original-style=\"text-align: justify;\">Un salari\u00e9 en t\u00e9l\u00e9travail si vous b\u00e9n\u00e9ficiez des m\u00eames conditions de travail que les salari\u00e9s\u00a0travaillant au sein de l\u2019entreprise<\/li>\n<li style=\"text-align: justify;\">Un agent public si l\u2019employeur en fait la demande<\/li>\n<\/ul>\n<p style=\"text-align: justify;\"><b>L&#8217;employeur doit obligatoirement pratiquer la m\u00eame politique pour tous les salari\u00e9s<\/b>. C&rsquo;est-\u00e0-dire que tous les salari\u00e9s ont le m\u00eame montant, la m\u00eame participation, etc. L&#8217;employ\u00e9 a le droit de refuser les titres-restaurant, alors le montant ne sera pas pr\u00e9lev\u00e9 du salaire. En revanche, en cas de refus, il ne peut en aucun cas demander une contrepartie financi\u00e8re.<\/p>\n<p style=\"text-align: justify;\"><b>Si vous souhaitez obtenir un titre-restaurant, il faut \u00eatre vigilant, car les particuliers ci-dessous n&rsquo;y ont pas droit :\u00a0<\/b><\/p>\n<ul>\n<li class=\"amp-wp-7d27179\" style=\"text-align: justify;\" data-amp-original-style=\"text-align: justify;\">Les g\u00e9rants de SARL (Soci\u00e9t\u00e9 \u00e0 Responsabilit\u00e9 Limit\u00e9e) ou d\u2019EURL (Entreprise Unipersonnelle \u00e0 Responsabilit\u00e9 Limit\u00e9e)<\/li>\n<li class=\"amp-wp-7d27179\" style=\"text-align: justify;\" data-amp-original-style=\"text-align: justify;\">Les pr\u00e9sidents Directeur G\u00e9n\u00e9ral\u00a0d\u2019une Soci\u00e9t\u00e9 Anonyme<\/li>\n<li class=\"amp-wp-7d27179\" style=\"text-align: justify;\" data-amp-original-style=\"text-align: justify;\">Le directeur G\u00e9n\u00e9ral d\u2019une Soci\u00e9t\u00e9 Anonyme (SA)<\/li>\n<li class=\"amp-wp-7d27179\" style=\"text-align: justify;\" data-amp-original-style=\"text-align: justify;\">Les stagiaires non r\u00e9mun\u00e9r\u00e9s<\/li>\n<li class=\"amp-wp-7d27179\" style=\"text-align: justify;\" data-amp-original-style=\"text-align: justify;\">Les auto-entrepreneurs<\/li>\n<\/ul>\n<h2 id=\"Qui_participe_au_financement_des_ch\u00e8ques_restaurant\u00a0?\" class=\"amp-wp-7d27179\" style=\"text-align: justify;\" data-amp-original-style=\"text-align: justify;\"><span class=\"amp-wp-e98f482\" data-amp-original-style=\"color: #c43b3b;\">Qui financent les titres-restaurant\u00a0?<\/span><\/h2>\n<p style=\"text-align: justify;\">Les titres-restaurants sont financ\u00e9s \u00e0 la fois par l&#8217;employeur et le salari\u00e9. En effet, l&rsquo;entreprise doit contribuer \u00e0 hauteur de 50 % \u00e0 60 % de la valeur du titre-restaurant soit un maximum de 7,26 euros en 2025. Au-del\u00e0 de cette fourchette, il ne per\u00e7oit plus d\u2019avantages sociaux. C&rsquo;est l&#8217;employeur qui \u00e9tablit le montant du titre restaurant.<\/p>\n<p style=\"text-align: justify;\">Le salari\u00e9 verse la somme restante. Selon <a href=\"https:\/\/www.legifrance.gouv.fr\/juri\/id\/JURITEXT000034142800\/\">l\u2019arr\u00eat\u00a0de la Cour de cassation n\u00b0 15-18.333<\/a> en date du 1<sup>er<\/sup> mars 2017, vous\u00a0pouvez r\u00e9gler votre part par ch\u00e8que, paiement en esp\u00e8ces, virement bancaire ou une retenue sur salaire. Cet argent est d\u00e9duit des imp\u00f4ts sur le revenu et n\u2019entre pas dans le calcul des charges sociales. Il est donc dans votre\u00a0int\u00e9r\u00eat d&rsquo;accepter les ch\u00e8ques d\u00e9jeuner.<\/p>\n<h1 style=\"text-align: justify;\">Quelle est la validit\u00e9 des titres-restaurant ?<\/h1>\n<h2>La dur\u00e9e de validit\u00e9 des titres-restaurant<\/h2>\n<p style=\"text-align: justify;\">Les titres-restaurant sont valables durant l\u2019ann\u00e9e civile de leur \u00e9mission. Aussi appel\u00e9e \u00ab mill\u00e9sime \u00bb, cette ann\u00e9e de validit\u00e9 est indiqu\u00e9e sur le titre. Une fois la p\u00e9riode pass\u00e9e, le titre-restaurant n\u2019est plus valable. \u00c0 savoir que les titres restaurant peuvent \u00eatre utilis\u00e9s jusqu\u2019\u00e0 2 mois apr\u00e8s leur date de validit\u00e9, soit jusqu\u2019au 28\/29 f\u00e9vrier de l\u2019ann\u00e9e suivante.<\/p>\n<p style=\"text-align: justify;\"><b>Il est aussi possible d&rsquo;\u00e9changer les titres du mill\u00e9sime en cours\u00a0<span class=\"amp-wp-f6bf23d\" data-amp-original-style=\"text-decoration: underline;\">pour des titres du mill\u00e9sime suivant. Pour cela, vous devez\u00a0<\/span>:\u00a0<\/b><\/p>\n<ul>\n<li class=\"amp-wp-7d27179\" style=\"text-align: justify;\" data-amp-original-style=\"text-align: justify;\">Remettre les titres-restaurant p\u00e9rim\u00e9s \u00e0 votre employeur dans les 15 jours suivant la date d\u2019expiration<\/li>\n<li class=\"amp-wp-7d27179\" style=\"text-align: justify;\" data-amp-original-style=\"text-align: justify;\">L&#8217;employeur fait alors la demande d\u2019\u00e9change dans les 15 jours suivants : la date est limit\u00e9e au 31 mars, mais pass\u00e9 ce d\u00e9lai, ils seront d\u00e9finitivement perdus<\/li>\n<li class=\"amp-wp-7d27179\" style=\"text-align: justify;\" data-amp-original-style=\"text-align: justify;\">R\u00e9cup\u00e9rer ainsi des titres restaurant valides pour l\u2019ann\u00e9e en cours<\/li>\n<\/ul>\n<h2 style=\"text-align: justify;\">Quelles sont les r\u00e8gles d&rsquo;utilisation d&rsquo;un titres restaurant ?<\/h2>\n<p style=\"text-align: justify;\">L\u2019utilisation des titres restaurant est soumise \u00e0 une r\u00e9glementation valable dans toutes les entreprises \u00e9mettrices. <b>Les r\u00e8gles sont les suivantes :<\/b><\/p>\n<ul>\n<li style=\"text-align: justify;\">Les tickets ne sont utilisables que pendant les jours travaill\u00e9s : en r\u00e8gle g\u00e9n\u00e9rale, il s\u2019agit des jours ouvrables<\/li>\n<li style=\"text-align: justify;\">Vous avez le droit \u00e0 un titre restaurant par jour travaill\u00e9 : les jours f\u00e9ri\u00e9s, les arr\u00eats-maladie et les cong\u00e9s pay\u00e9s ne sont pas comptabilis\u00e9s<\/li>\n<li style=\"text-align: justify;\">Les employ\u00e9s qui travaillent le dimanche peuvent payer avec un titre-restaurant si celui-ci en porte la mention<\/li>\n<li style=\"text-align: justify;\">Vous ne pouvez pas payer un repas avec plus de 2\u00a0titres en th\u00e9orie : cependant, la pratique est accept\u00e9e dans de nombreuses enseignes<\/li>\n<li style=\"text-align: justify;\">Le commer\u00e7ant ou restaurateur n\u2019a pas le droit de vous rendre la monnaie<\/li>\n<li style=\"text-align: justify;\">Le paiement est limit\u00e9 \u00e0 25 euros par jour : cela peut \u00eatre contr\u00f4l\u00e9 facilement avec la carte restaurant. Cette derni\u00e8re vous permet de payer la somme exacte (contrairement aux titres restaurant papier dont le montant est pr\u00e9-d\u00e9fini)<\/li>\n<\/ul>\n<p style=\"text-align: justify;\">Concernant la derni\u00e8re r\u00e8gle, le montant quotidien autoris\u00e9 est pass\u00e9 de 19 euros \u00e0 25 euros. De plus, les titres restaurants sont \u00e9galement utilisables les week-ends et jours f\u00e9ri\u00e9s. <b>\u00a0<\/b><\/p>\n<div class='cta-block'><div class='text'>Simulez votre toutes vos aides en 2 min.<\/div><a href='https:\/\/www.mes-allocs.fr\/ab-app?origin=guides\/wp-json\/wp\/v2\/pages\/74550' class='app-button fit'>Simulation gratuite<\/a><\/div>\n<h1 id=\"Quels_sont_les_endroits_o\u00f9_vous_pouvez_utiliser_un_ticket_restaurant\" class=\"amp-wp-7d27179\" style=\"text-align: justify;\" data-amp-original-style=\"text-align: justify;\"><span class=\"amp-wp-e98f482\" data-amp-original-style=\"color: #c43b3b;\">Quelles sont les enseignes qui acceptent les titres restaurant ?\u00a0<\/span><\/h1>\n<h2 id=\"Quels_sont_les_endroits_o\u00f9_vous_pouvez_utiliser_un_ticket_restaurant\" class=\"amp-wp-7d27179\" style=\"text-align: justify;\" data-amp-original-style=\"text-align: justify;\"><span class=\"amp-wp-e98f482\" data-amp-original-style=\"color: #c43b3b;\">La liste des enseignes qui acceptent les titres restaurant <\/span><\/h2>\n<p style=\"text-align: justify;\" data-amp-original-style=\"text-align: justify;\"><b>Les commer\u00e7ants n&rsquo;ont aucune obligation l\u00e9gale d\u2019accepter un paiement avec un titre-restaurant.<\/b> Ils ont\u00a0le droit de refuser vos titres-restaurant. Les enseignes qui acceptent ce mode de paiement le signalent \u00e0 l&rsquo;aide de diff\u00e9rentes mentions sur la porte d&rsquo;entr\u00e9e ou la devanture. <b>Les enseignes qui acceptent les titres restaurant sont :<\/b><\/p>\n<ul>\n<li style=\"text-align: justify;\">Les restaurants<\/li>\n<li style=\"text-align: justify;\">Les caf\u00e9s<\/li>\n<li style=\"text-align: justify;\">Les h\u00f4tels<\/li>\n<li style=\"text-align: justify;\">Les boulangeries<\/li>\n<li style=\"text-align: justify;\">Les fast-foods<\/li>\n<li style=\"text-align: justify;\">Les grandes surfaces<\/li>\n<\/ul>\n<p style=\"text-align: justify;\"><b>Les tickets peuvent aussi servir \u00e0 faire des courses <\/b>dans les \u00e9piceries ou grandes surfaces.<\/p>\n<p style=\"text-align: justify;\"><b>Enfin depuis 2010, vous pouvez utiliser vos titres restaurant pour payer des fruits et l\u00e9gumes chez un primeur.<\/b>\u00a0La\u00a0loi a \u00e9t\u00e9 assouplie pour encourager les salari\u00e9s \u00e0 manger au moins 5 fruits et l\u00e9gumes par jour.<\/p>\n<h2 style=\"text-align: justify;\">Titres restaurant p\u00e9rim\u00e9s, perdus ou vol\u00e9s : que faire dans ces cas ?<\/h2>\n<p style=\"text-align: justify;\">Il est possible de donner vos titres p\u00e9rim\u00e9s \u00e0 des associations comme\u00a0la <a href=\"https:\/\/www.mes-allocs.fr\/guides\/aide-alimentaire\/aide-alimentaire-croix-rouge\/\">Croix-Rouge<\/a>. <b>Pour ce faire, vous devez \u00e9crire \u00ab La Croix-Rouge \u00bb sur le c\u00f4t\u00e9 face de chaque ticket puis mettez-les dans une enveloppe non affranchie. Ensuite, il faut contacter l\u2019association pour qu\u2019elle vienne les retirer avant la fin du mois de f\u00e9vrier.<\/b> Pour votre bonne action, vous \u00eates exon\u00e9r\u00e9 des cotisations fiscales de 75 % correspondant \u00e0 50 % de la valeur faciale des tickets.<\/p>\n<p style=\"text-align: justify;\">Dans le cas o\u00f9 vous quitteriez l&rsquo;entreprise, vous pouvez vous faire rembourser les titres-restaurant non utilis\u00e9s. <b>Il faut rendre les titres \u00e0 votre employeur avant la fin de votre contrat de travail.<\/b> La part qui vous a \u00e9t\u00e9 d\u00e9bit\u00e9e lors de l\u2019achat vous sera alors restitu\u00e9e sur votre salaire.<\/p>\n<p style=\"text-align: justify;\"><b>En cas de perte ou vol de vos titres-restaurant, vous devez le d\u00e9clarer \u00e0 l&rsquo;organisme \u00e9metteur. <\/b>Pour le format num\u00e9rique, il est possible de v\u00e9rifier s\u2019ils ont \u00e9t\u00e9 utilis\u00e9s facilement. En ce qui concerne le remboursement, prenez conseil avec la soci\u00e9t\u00e9 \u00e9mettrice. <b>Si vous avez \u00e9gar\u00e9 votre carte titres-restaurant, faites opposition. Une nouvelle carte vous sera ensuite remise.\u00a0<\/b><\/p>\n<div class='cta-block'><div class='text'>Simulez votre toutes vos aides en 2 min.<\/div><a href='https:\/\/www.mes-allocs.fr\/ab-app?origin=guides\/wp-json\/wp\/v2\/pages\/74550' class='app-button fit'>Simulation gratuite<\/a><\/div>\n","protected":false},"excerpt":{"rendered":"<p>En France, plus de 4 millions de salari\u00e9s b\u00e9n\u00e9ficient de Ticket Restaurant \u00ae (Edenred). Ces tickets sont des aides alimentaires distribu\u00e9es aux salari\u00e9s qui ne disposent pas de lieu de restauration en entreprise. L&rsquo;utilisation de ces \u00ab titres-resto \u00bb est encadr\u00e9e par des r\u00e8gles fix\u00e9es par le Code du travail. Mes Allocs vous explique tout [&hellip;]<\/p>\n","protected":false},"author":29,"featured_media":74552,"parent":0,"menu_order":0,"comment_status":"closed","ping_status":"closed","template":"","meta":{"amp_status":"","footnotes":""},"class_list":["post-74550","page","type-page","status-publish","has-post-thumbnail","hentry"],"yoast_head":"<!-- This site is optimized with the Yoast SEO plugin v14.9 - https:\/\/yoast.com\/wordpress\/plugins\/seo\/ -->\n<title>Ticket Restaurant \u00ae Edenred 2025 : conditions, montants, utilisations<\/title>\n<meta name=\"description\" content=\"En France, plus de\u00a04\u00a0millions de salari\u00e9s b\u00e9n\u00e9ficient de Tickets Restaurant \u00ae (Edenred). Alors, comment en b\u00e9n\u00e9ficier et les utiliser ?\" \/>\n<meta name=\"robots\" content=\"index, follow, max-snippet:-1, max-image-preview:large, max-video-preview:-1\" \/>\n<link rel=\"canonical\" href=\"https:\/\/www.mes-allocs.fr\/guides\/ticket-restaurant\/\" \/>\n<meta property=\"og:locale\" content=\"fr_FR\" \/>\n<meta property=\"og:type\" content=\"article\" \/>\n<meta property=\"og:title\" content=\"Ticket Restaurant \u00ae Edenred 2025 : conditions, montants, utilisations\" \/>\n<meta property=\"og:description\" content=\"En France, plus de\u00a04\u00a0millions de salari\u00e9s b\u00e9n\u00e9ficient de Tickets Restaurant \u00ae (Edenred). Alors, comment en b\u00e9n\u00e9ficier et les utiliser ?\" \/>\n<meta property=\"og:url\" content=\"https:\/\/www.mes-allocs.fr\/guides\/ticket-restaurant\/\" \/>\n<meta property=\"og:site_name\" content=\"Mes-Allocs.fr\" \/>\n<meta property=\"article:modified_time\" content=\"2026-01-22T09:43:40+00:00\" \/>\n<meta property=\"og:image\" content=\"https:\/\/www.mes-allocs.fr\/guides\/wp-content\/uploads\/2024\/02\/Tout-savoir-sur-le-ticket-restaurant-en-2022-3-600x434-2.jpg?wsr\" \/>\n\t<meta property=\"og:image:width\" content=\"600\" \/>\n\t<meta property=\"og:image:height\" content=\"434\" \/>\n<meta name=\"twitter:card\" content=\"summary_large_image\" \/>\n<script type=\"application\/ld+json\" class=\"yoast-schema-graph\">{\"@context\":\"https:\/\/schema.org\",\"@graph\":[{\"@type\":\"WebSite\",\"@id\":\"https:\/\/www.mes-allocs.fr\/guides\/#website\",\"url\":\"https:\/\/www.mes-allocs.fr\/guides\/\",\"name\":\"Mes-Allocs.fr\",\"description\":\"\",\"potentialAction\":[{\"@type\":\"SearchAction\",\"target\":\"https:\/\/www.mes-allocs.fr\/guides\/?s={search_term_string}\",\"query-input\":\"required name=search_term_string\"}],\"inLanguage\":\"fr-FR\"},{\"@type\":\"ImageObject\",\"@id\":\"https:\/\/www.mes-allocs.fr\/guides\/ticket-restaurant\/#primaryimage\",\"inLanguage\":\"fr-FR\",\"url\":\"https:\/\/www.mes-allocs.fr\/guides\/wp-content\/uploads\/2024\/02\/Tout-savoir-sur-le-ticket-restaurant-en-2022-3-600x434-2.jpg?wsr\",\"width\":600,\"height\":434,\"caption\":\"Ticket Restaurant \\u00ae (Endered)\"},{\"@type\":\"WebPage\",\"@id\":\"https:\/\/www.mes-allocs.fr\/guides\/ticket-restaurant\/#webpage\",\"url\":\"https:\/\/www.mes-allocs.fr\/guides\/ticket-restaurant\/\",\"name\":\"Ticket Restaurant \\u00ae Edenred 2025 : conditions, montants, utilisations\",\"isPartOf\":{\"@id\":\"https:\/\/www.mes-allocs.fr\/guides\/#website\"},\"primaryImageOfPage\":{\"@id\":\"https:\/\/www.mes-allocs.fr\/guides\/ticket-restaurant\/#primaryimage\"},\"datePublished\":\"2024-02-15T09:09:09+00:00\",\"dateModified\":\"2026-01-22T09:43:40+00:00\",\"description\":\"En France, plus de\\u00a04\\u00a0millions de salari\\u00e9s b\\u00e9n\\u00e9ficient de Tickets Restaurant \\u00ae (Edenred). Alors, comment en b\\u00e9n\\u00e9ficier et les utiliser ?\",\"inLanguage\":\"fr-FR\"}]}<\/script>\n<!-- \/ Yoast SEO plugin. -->","amp_validity":null,"acf":{"faq":{"1":{"question":"Comment \u00e7a marche les Tickets Restaurant \u00ae (Edenred)?","answer":"Les Tickets Restaurant \u00ae (Edenred) sont pris en charge \u00e0 la fois par l'employeur et par le salari\u00e9. La part pay\u00e9e par chacun peut varier entre 40 % et 60 %. Pour des raisons fiscales, le montant maximal des tickets s'\u00e9l\u00e8ve autour de 7,26 euros."},"2":{"question":"Qui a le droit aux Tickets Restaurant \u00ae (Edenred)?","answer":"Tout salari\u00e9 peut b\u00e9n\u00e9ficier des Tickets Restaurant \u00ae (Edenred) et autres titres de restauration d\u00e8s lors que ce salari\u00e9 est li\u00e9 par un contrat de travail, r\u00e9mun\u00e9r\u00e9 ou non \u00e0 une structure. L'utilisation de Tickets Restaurant \u00ae (Edenred) est possible pour l'employ\u00e9 quelle que soit la nature de son contrat."},"3":{"question":"Quel supermarch\u00e9 prend les Tickets Restaurant \u00ae (Edenred) ?","answer":"Nombreux sont les supermarch\u00e9s qui acceptent les Tickets Restaurant \u00ae (Edenred) pour l'achat de produits alimentaires pr\u00eats \u00e0 la consommation : Aldi, Carrefour, Carrefour Express, Cora, Lidl, etc."},"4":{"question":"Quelle commission sur les Tickets Restaurant \u00ae (Edenred) ?","answer":"On compte une commission d'environ 3.5 % en moyenne en passant par une carte d\u00e9mat\u00e9rialis\u00e9e, celle-ci peut \u00eatre deux fois plus importante qu'en passant par des tickets papiers."},"5":{"question":"Quand doivent \u00eatre donn\u00e9s les Tickets Restaurant \u00ae (Edenred) ?","answer":"Il n'existe pas de date fixe pour la remise des titres-restaurant. Cependant, il faut garder un d\u00e9lai raisonnable entre chaque date de remise des ch\u00e8ques-restaurant. "},"6":{"question":"Comment encaisser les Ticket Restaurant \u00ae (Edenred) pour un restaurateur ?","answer":"Vous pouvez encaisser les titres Restaurant de vos clients \u00e0 hauteur de 25 euros maximum par jour. La carte restaurant s'utilise comme une carte pr\u00e9pay\u00e9e, il suffit de l'ins\u00e9rer dans le terminal de paiement ou d'apposer la carte sur votre TPE pour accepter le paiement sans contact."},"7":{"question":"","answer":""},"8":{"question":"","answer":""},"9":{"question":"","answer":""},"10":{"question":"","answer":""},"11":{"question":"","answer":""},"12":{"question":"","answer":""},"13":{"question":"","answer":""},"14":{"question":"","answer":""},"15":{"question":"","answer":""},"16":{"question":"","answer":""}}},"_links":{"self":[{"href":"https:\/\/www.mes-allocs.fr\/guides\/wp-json\/wp\/v2\/pages\/74550","targetHints":{"allow":["GET"]}}],"collection":[{"href":"https:\/\/www.mes-allocs.fr\/guides\/wp-json\/wp\/v2\/pages"}],"about":[{"href":"https:\/\/www.mes-allocs.fr\/guides\/wp-json\/wp\/v2\/types\/page"}],"author":[{"embeddable":true,"href":"https:\/\/www.mes-allocs.fr\/guides\/wp-json\/wp\/v2\/users\/29"}],"replies":[{"embeddable":true,"href":"https:\/\/www.mes-allocs.fr\/guides\/wp-json\/wp\/v2\/comments?post=74550"}],"version-history":[{"count":9,"href":"https:\/\/www.mes-allocs.fr\/guides\/wp-json\/wp\/v2\/pages\/74550\/revisions"}],"predecessor-version":[{"id":102247,"href":"https:\/\/www.mes-allocs.fr\/guides\/wp-json\/wp\/v2\/pages\/74550\/revisions\/102247"}],"wp:featuredmedia":[{"embeddable":true,"href":"https:\/\/www.mes-allocs.fr\/guides\/wp-json\/wp\/v2\/media\/74552"}],"wp:attachment":[{"href":"https:\/\/www.mes-allocs.fr\/guides\/wp-json\/wp\/v2\/media?parent=74550"}],"curies":[{"name":"wp","href":"https:\/\/api.w.org\/{rel}","templated":true}]}}