{"id":10480,"date":"2020-08-07T14:53:48","date_gmt":"2020-08-07T14:53:48","guid":{"rendered":"https:\/\/www.mes-allocs.fr\/guides\/?page_id=10480"},"modified":"2026-04-03T13:35:01","modified_gmt":"2026-04-03T12:35:01","slug":"aide-formation","status":"publish","type":"page","link":"https:\/\/www.mes-allocs.fr\/guides\/aide-formation\/","title":{"rendered":"Tout savoir sur les aides \u00e0 la formation"},"content":{"rendered":"<h1><a href=\"https:\/\/www.mes-allocs.fr\/guides\/wp-content\/uploads\/2020\/07\/work-5382501_1280.jpg\"><img loading=\"lazy\" decoding=\"async\" class=\"aligncenter wp-image-10483 size-full\" src=\"https:\/\/www.mes-allocs.fr\/guides\/wp-content\/uploads\/2020\/07\/work-5382501_1280-e1595410704803.jpg\" alt=\"Tout savoir sur les aides \u00e0 la formation\" width=\"1280\" height=\"464\" srcset=\"https:\/\/www.mes-allocs.fr\/guides\/wp-content\/uploads\/2020\/07\/work-5382501_1280-e1595410704803.jpg 1280w, https:\/\/www.mes-allocs.fr\/guides\/wp-content\/uploads\/2020\/07\/work-5382501_1280-e1595410704803-300x109.jpg 300w, https:\/\/www.mes-allocs.fr\/guides\/wp-content\/uploads\/2020\/07\/work-5382501_1280-e1595410704803-1024x371.jpg 1024w, https:\/\/www.mes-allocs.fr\/guides\/wp-content\/uploads\/2020\/07\/work-5382501_1280-e1595410704803-768x278.jpg 768w, https:\/\/www.mes-allocs.fr\/guides\/wp-content\/uploads\/2020\/07\/work-5382501_1280-e1595410704803-600x218.jpg 600w\" sizes=\"auto, (max-width: 1280px) 100vw, 1280px\" \/><\/a><\/h1>\n<p>[Mis \u00e0 jour le 03\/04\/2026]<strong> Vous pouvez effectuer une formation sur demande de votre employeur ou en cas de retour \u00e0 l&#8217;emploi par exemple. Les diff\u00e9rentes aides en vigueur sont relativement larges, mais quelles sont les aides disponibles et sous quelles conditions sont-elles accessibles ? Mes Allocs vous dit tout !<\/strong><\/p>\n<div class='cta-block'><div class='text'>Simulez toutes vos aides en 2 min.<\/div><a href='https:\/\/www.mes-allocs.fr\/ab-app?origin=guides\/wp-json\/wp\/v2\/pages\/10480' class='app-button fit'>Simulation gratuite<\/a><\/div>\n<p>La question de <a href=\"https:\/\/www.mes-allocs.fr\/guides\/aide-formation\/financement-formation\/\">financement de formation<\/a> professionnelle est une question complexe car il existe beaucoup de situations diff\u00e9rentes et qui appellent donc des solutions tout aussi h\u00e9t\u00e9roclites.<br \/>\nPour les demandeurs d\u2019emploi :<\/p>\n<ul>\n<li>Le\u00a0CPF\u00a0est une solution de financement \u00e0 la condition d\u2019avoir d\u00e9j\u00e0 pu cotiser des heures de formation dans son pr\u00e9c\u00e9dent parcours professionnel.<\/li>\n<li>L\u2019ARE, l\u2019Aide de Retour \u00e0 l\u2019Emploi, est vers\u00e9 par P\u00f4le Emploi lorsque vous \u00eates encore indemnis\u00e9.<\/li>\n<li>Le Conseil G\u00e9n\u00e9ral de votre d\u00e9partement peut verser des aides sur dossier \u00e0 la condition de ne plus \u00eatre sous ressource de la part de P\u00f4le Emploi.<\/li>\n<li>L\u2019Agefiph est le fond de financement pour les personnes atteintes d\u2019un handicap.<\/li>\n<\/ul>\n<p><iframe loading=\"lazy\" title=\"Les aides \u00e0 la formation\" width=\"500\" height=\"281\" src=\"https:\/\/www.youtube.com\/embed\/gs3ZRHqtzmY?feature=oembed\" frameborder=\"0\" allow=\"accelerometer; autoplay; clipboard-write; encrypted-media; gyroscope; picture-in-picture; web-share\" referrerpolicy=\"strict-origin-when-cross-origin\" allowfullscreen><\/iframe><\/p>\n<h1>Le dispositif d&rsquo;aide \u00e0 la formation professionnelle<\/h1>\n<p>Le dispositif d&rsquo;aide est relativement large, certaines d&rsquo;entre elles sont accessibles via P\u00f4le emploi, d&rsquo;autre par les Conseils r\u00e9gionaux.<\/p>\n<p>Selon votre situation, demandeur d&#8217;emploi, salari\u00e9, etc, les modalit\u00e9s d&rsquo;attribution ainsi que le montant per\u00e7u pendant la formation peuvent varier. Il est fortement conseill\u00e9 de se renseigner sur les aides prises en charge avant d&rsquo;entamer vos d\u00e9marches administratives, car les frais de formations ne sont pas toujours pris totalement en charge par l&rsquo;organisme comp\u00e9tent, le montant varie selon votre statut au moment de la demande.<\/p>\n<h2>Qui peut en b\u00e9n\u00e9ficier des aides \u00e0 la formation ?<\/h2>\n<p>Selon votre statut, vous pouvez b\u00e9n\u00e9ficier de droits et d\u2019un acc\u00e8s \u00e0 certains dispositifs de formation, appuis, conseils dans la perspective d\u2019un retour \u00e0 l\u2019emploi.<\/p>\n<h2>Pour les demandeurs d&#8217;emploi<\/h2>\n<ul>\n<li>Le\u00a0CPF\u00a0est une solution de financement \u00e0 la condition d\u2019avoir d\u00e9j\u00e0 pu cotiser des heures de formation dans son pr\u00e9c\u00e9dent parcours professionnel.<\/li>\n<li>L\u2019ARE, l\u2019Aide de Retour \u00e0 l\u2019Emploi, est vers\u00e9 par P\u00f4le Emploi lorsque vous \u00eates encore indemnis\u00e9.<\/li>\n<li>Le Conseil G\u00e9n\u00e9ral de votre d\u00e9partement peut verser des aides sur dossier \u00e0 la condition de ne plus \u00eatre sous ressource de la part de P\u00f4le Emploi.<\/li>\n<li>L\u2019Agefiph est le fond de financement pour les personnes atteintes d\u2019un handicap.<\/li>\n<\/ul>\n<p>Notez que ces formations sont prises en charge \u00e0 partir du moment ou vous justifier de votre parcours professionnel, de m\u00eame vous devez \u00eatre obligatoirement au ch\u00f4mage pour en b\u00e9n\u00e9ficier.<\/p>\n<h2>Les personnes en CDI<\/h2>\n<ul>\n<li>Le CPF (Compte Personnel de Formation) permet aux salari\u00e9s de financer ses heures de formations. Par exemple, une ann\u00e9e en tant que salari\u00e9 \u00e0 temps plein permet d&rsquo;obtenir 24h de formation, dans la limite de 120h. D\u00e8s que ce plafond est atteint, on cumule 12 h de formation par ann\u00e9e travaill\u00e9e jusqu\u2019\u00e0 150h cumul\u00e9es au total. Attention, toutefois, une participation financi\u00e8re de 150\u20ac (au 2 avril 2026) vous sera demand\u00e9e si vous souhaitez mobiliser votre CPF.<\/li>\n<li>Le CIF (Cong\u00e9 Individuel de Formation est g\u00e9n\u00e9ralement utilis\u00e9 pour les formations de longue dur\u00e9e. L&rsquo;organisme en charge de financer votre projet est le \u00a0Fongecif, l\u2019Opacif ou l\u2019OPCA de votre employeur. Peu importe l\u2019organisme utilis\u00e9, votre employeur y a cotis\u00e9 au titre de la formation. C\u2019est ainsi qu\u2019est prise en charge la formation ainsi que le maintien de votre salaire jusqu\u2019\u00e0 la hauteur de deux fois le SMIC. Au-del\u00e0, le salaire est maintenu entre 80 et 90 %.<\/li>\n<\/ul>\n<h2>Les personnes en CDD<\/h2>\n<ul>\n<li>Les personnes en CDD peuvent utiliser le CIF, avec des conditions qui leur sont propres. Pour en b\u00e9n\u00e9ficier, vous devez vous y prendre moins d&rsquo;un an apr\u00e8s la fin de votre CDD, et justifier au mois de 24 mois de contrat sur les 4 derni\u00e8res ann\u00e9es et au moins 4 mois de travail sur les 12 derniers.<\/li>\n<li>Une personne qui a termin\u00e9 un CDD peut se pencher sur le CPF, n\u00e9anmoins, cette formation doit \u00eatre effectu\u00e9e en dehors de la p\u00e9riode d&#8217;embauches et moins d&rsquo;un an apr\u00e8s la fin de votre dernier contrat<\/li>\n<\/ul>\n<p>Attention, toutefois, une participation financi\u00e8re de 150\u20ac (au 2 avril 2026) vous sera demand\u00e9e si vous souhaitez mobiliser votre CPF.<\/p>\n<h2>Pour les non-salari\u00e9s<\/h2>\n<p>Les personnes non-salari\u00e9s, comme les professions lib\u00e9rales, les artisans, commer\u00e7ants, ind\u00e9pendants, etc, les conditions d&rsquo;acc\u00e8s \u00e0 la formation professionnelle continue sont fix\u00e9es par des r\u00e8gles particuli\u00e8res.<\/p>\n<ul>\n<li>Fonds interprofessionnel de formation des professions lib\u00e9rales (F.I.P.-P.L.)\u00a0;<\/li>\n<li>Association de gestion du financement de la formation des chefs d&rsquo;entreprise (AGEFICE)\u00a0;<\/li>\n<li>Fonds d&rsquo;assurance formation des professions m\u00e9dicales lib\u00e9rales (F.A.P.-P.L.).<\/li>\n<\/ul>\n<h2>Pour les personnes en situation de handicap<\/h2>\n<p>Les salari\u00e9s en situation de handicap peuvent, au m\u00eame titre que les autres salari\u00e9s b\u00e9n\u00e9ficier de l&rsquo;aide \u00e0 la formation financ\u00e9e par leur employeur ou par les branches professionnelles.<\/p>\n<ul>\n<li>Le projet de transition professionnelle : il permet aux salari\u00e9s souhaitant changer de m\u00e9tier ou de profession de financer des formations certifiantes en lien avec leur projet. C\u2019est une modalit\u00e9 particuli\u00e8re de mobilisation du compte personnel de formation. Les personnes b\u00e9n\u00e9ficiaires de l\u2019obligation d\u2019emploi des travailleurs handicap\u00e9s (OETH) peuvent en b\u00e9n\u00e9ficier sans condition d\u2019anciennet\u00e9.<\/li>\n<li>Les personnes en situation de handicap ont \u00e9galement la possibilit\u00e9 de suivre des actions sp\u00e9cifiques de formation, et cela sur d\u00e9cision des Commissions des droits et de l\u2019autonomie des personnes handicap\u00e9es (CDAPH)<\/li>\n<li>Le contrat de r\u00e9\u00e9ducation professionnelle\u00a0: les salari\u00e9s en situation de handicap peuvent b\u00e9n\u00e9ficier d\u2019un contrat de r\u00e9\u00e9ducation\u00a0professionnelle\u00a0chez l\u2019employeur ou d\u2019actions de formation dans des centres de r\u00e9\u00e9ducation professionnelle (CRP) qui sont \u00e0 la fois des \u00e9tablissements m\u00e9dico-sociaux et des organismes de formation adapt\u00e9s aux besoins des personnes handicap\u00e9es.<\/li>\n<\/ul>\n<div class='cta-block'><div class='text'>Simulez toutes vos aides en 2 min.<\/div><a href='https:\/\/www.mes-allocs.fr\/ab-app?origin=guides\/wp-json\/wp\/v2\/pages\/10480' class='app-button fit'>Simulation gratuite<\/a><\/div>\n<h1>L&rsquo;aide individuelle \u00e0 la formation (AIF)<\/h1>\n<p>Dans le cas ou les dispositifs financiers ne sont pas en capacit\u00e9 de prendre en charge votre formation (ceux des collectivit\u00e9s territoriales, des organismes paritaires collecteurs agr\u00e9\u00e9s &#8211; OPC\u2026), vous pouvez contacter un conseill\u00e9 P\u00f4le emploi pour savoir si il est possible de financer enti\u00e8rement ou partiellement votre projet.<\/p>\n<p><strong>Vous pouvez en b\u00e9n\u00e9ficier si :\u00a0<\/strong><\/p>\n<ul>\n<li>Vous \u00eates demandeur d&#8217;emploi<\/li>\n<li>Vous \u00eates une personne en accompagnement CRP\/CTP ou CSP<\/li>\n<\/ul>\n<h2>Comment en faire la demande ?<\/h2>\n<ul>\n<li>Vous devez faire valider votre projet de formation par votre conseiller avant tout financement possible par P\u00f4le emploi. Votre d\u00e9marche de formation doit \u00eatre coh\u00e9rente et pertinente avec un projet de reprise d\u2019emploi ou d\u2019activit\u00e9.<\/li>\n<li>Votre conseiller P\u00f4le emploi validera votre projet\u00a0au regard du contenu, des co\u00fbts p\u00e9dagogiques, et de la dur\u00e9e de l\u2019action de formation, mais aussi sur son efficacit\u00e9 pour votre retour \u00e0 l\u2019emploi.<\/li>\n<\/ul>\n<h2>Prise en charge de l&rsquo;AIF<\/h2>\n<p>L&rsquo;aide individuelle \u00e0 la formation prend en charge l&rsquo;int\u00e9gralit\u00e9 des frais li\u00e9s \u00e0 votre formation, il restera \u00e0 votre charge les frais des autres financeurs s&rsquo;il y a.<\/p>\n<div class='cta-block'><div class='text'>Simulez toutes vos aides en 2 min.<\/div><a href='https:\/\/www.mes-allocs.fr\/ab-app?origin=guides\/wp-json\/wp\/v2\/pages\/10480' class='app-button fit'>Simulation gratuite<\/a><\/div>\n<h1>Qui finance les formations ?<\/h1>\n<p>La question de financement de la formation professionnelle est complexe, car il existe plusieurs situations dans lesquelles l&rsquo;organisme comp\u00e9tent n&rsquo;est pas le m\u00eame.<\/p>\n<h2>Le compte personnel de formation CPF<\/h2>\n<p>C\u2019est l\u2019agence France Comp\u00e9tences qui prend en charge les formations, lorsque celle-ci est demand\u00e9e par un demandeur d&#8217;emploi ayant cumul\u00e9 un solde d\u2019euros suffisant \u00e0 sa r\u00e9alisation.<\/p>\n<p>Pour les jeunes dipl\u00f4m\u00e9s ou les demandeurs d\u2019emploi n\u2019ayant pas cumul\u00e9 assez, ce sont d\u2019autres organismes d\u2019aide \u00e0 la formation et l\u2019insertion professionnelle comme P\u00f4le emploi, qui financent les formations.<\/p>\n<h2>Les aides des conseils r\u00e9gionaux<\/h2>\n<p>Le Conseil r\u00e9gional peut prendre en charge les frais li\u00e9s \u00e0 la formation. Par exemple pour le Grand Est c&rsquo;est l&rsquo;Aide Individuelle R\u00e9gionale \u00e0 la Formation (<strong>ARIF<\/strong>)<\/p>\n<h2>L&rsquo;aide individuelle \u00e0 la formation AIF<\/h2>\n<p>Si vous \u00eates inscrit \u00e0 P\u00f4le emploi et que vous ne b\u00e9n\u00e9ficier pas des autres dispositifs d\u2019aide collectifs ou individuels, cet organisme peut prendre en charge, sous conditions les frais de votre formation.<\/p>\n<h1>Les protections sociales pendant le temps de formation<\/h1>\n<h2>AREF<\/h2>\n<p>Si vous effectuez une formation financ\u00e9e par P\u00f4le emploi, et cela dans le cadre du PPAE et que vous percevez l\u2019Aref. Ainsi vous conservez la protection sociale que vous aviez avant le d\u00e9but de votre formation.<\/p>\n<p><strong>Vous continuez \u00e0 b\u00e9n\u00e9ficier :\u00a0<\/strong><\/p>\n<ul class=\"spip\">\n<li>des prestations en nature de la S\u00e9curit\u00e9 sociale (remboursements de frais pharmaceutiques, m\u00e9dicaux, hospitaliers &#8230;)\u00a0;<\/li>\n<li>des prestations en esp\u00e8ces de la S\u00e9curit\u00e9 sociale (indemnit\u00e9s journali\u00e8res vers\u00e9es \u00e0 la place de la r\u00e9mun\u00e9ration de stage)\u00a0;<\/li>\n<li>d\u2019une couverture \u00ab\u00a0accident du travail\u00a0\u00bb.<\/li>\n<\/ul>\n<h2><strong>RSP<\/strong><\/h2>\n<p>Lorsque vous effectuez un stage qui est agr\u00e9\u00e9 par une r\u00e9gion, et percevez le RSP, \u00a0les cotisations maladie, maternit\u00e9, invalidit\u00e9, d\u00e9c\u00e8s, vieillesse, allocations familiales et accident du travail sont prises en charge par la R\u00e9gion ou l\u2019Etat.<\/p>\n<h2>RFPE<\/h2>\n<p>Lorsque vous suivez une formation prescrite par P\u00f4le emploi et que vous percevez le RFPE, c&rsquo;est P\u00f4le emploi qui doit prendre en charge l&rsquo;int\u00e9gralit\u00e9 des cotisations relatives aux diff\u00e9rents risques.<\/p>\n<p>Donc vous \u00eates couvert pendant toute la dur\u00e9e de votre formation et en cas d&rsquo;accident du travail :<\/p>\n<ul class=\"spip\">\n<li>soit dans le cadre du r\u00e9gime de S\u00e9curit\u00e9 sociale auquel vous \u00e9tiez rattach\u00e9 avant votre entr\u00e9e en stage\u00a0;<\/li>\n<li>soit, \u00e0 d\u00e9faut d\u2019affiliation ant\u00e9rieure, dans le cadre du r\u00e9gime g\u00e9n\u00e9ral de la S\u00e9curit\u00e9 sociale.<\/li>\n<\/ul>\n<h2>Vous avez une profession ind\u00e9pendante<\/h2>\n<p>Sous certaines conditions, vous pouvez b\u00e9n\u00e9ficier d&rsquo;une allocation forfaitaire d\u2019environ 800 euros mensuels pour une dur\u00e9e ne pouvant exc\u00e9der 6 mois.<\/p>\n<ul class=\"spip\">\n<li>Si vous \u00e9tiez rattach\u00e9 \u00e0 un r\u00e9gime de S\u00e9curit\u00e9 sociale avant votre entr\u00e9e en formation, vous restez affili\u00e9 au m\u00eame r\u00e9gime.<\/li>\n<li>Si vous n\u2019\u00e9tiez pas affili\u00e9 \u00e0 un r\u00e9gime de S\u00e9curit\u00e9 sociale, votre organisme de formation doit s\u2019adresser \u00e0 l\u2019ASP pour demander votre affiliation au r\u00e9gime g\u00e9n\u00e9ral de S\u00e9curit\u00e9 sociale.<\/li>\n<\/ul>\n<p><i>Si vous n\u2019\u00eates pas r\u00e9mun\u00e9r\u00e9 pendant votre formation, les cotisations de S\u00e9curit\u00e9 sociale correspondantes sont prises int\u00e9gralement en charge par la R\u00e9gion ou l\u2019Etat. Elles sont alors calcul\u00e9es de fa\u00e7on forfaitaire.<\/i><\/p>\n<div class='cta-block'><div class='text'>Simulez toutes vos aides en 2 min.<\/div><a href='https:\/\/www.mes-allocs.fr\/ab-app?origin=guides\/wp-json\/wp\/v2\/pages\/10480' class='app-button fit'>Simulation gratuite<\/a><\/div>\n<h1>La R\u00e9mun\u00e9ration pendant la formation<\/h1>\n<p>Si vous suivez une formation, vous pouvez percevoir une aide financi\u00e8re durant tout le temps de votre formation. La r\u00e9mun\u00e9ration varie d&rsquo;une situation \u00e0 une autre.<\/p>\n<h2>Si vous ne percevez pas d&rsquo;allocation ch\u00f4mage ARE<\/h2>\n<p>Si votre temps de travail li\u00e9 \u00e0 la formation est de 40h et que vous n&rsquo;\u00eates pas en mesure de travailler simultan\u00e9ment, votre allocation d\u2019 Aide au retour \u00e0 l\u2019emploi\u00a0 (ARE) devient\u00a0 l\u2019ARE Formation (AREF), et cela pendant toute la dur\u00e9e de votre formation.<\/p>\n<p>L&rsquo;AREF est vers\u00e9e dans la limite des droits ARE. Son montant ne peut pas \u00eatre inf\u00e9rieur \u00e0 32,13 euros par jour<\/p>\n<p>\u00c0 savoir : Une fois que vos droits \u00e0 l&rsquo;AREF se terminent, mais que vous \u00eates toujours en formation vous pouvez pour certains stages percevoir \u00a0la r\u00e9mun\u00e9ration de fin de formation (R2F) pour terminer votre formation. Elle ne peut \u00eatre sup\u00e9rieure \u00e0 723,36 \u20ac\/mois.<\/p>\n<h2>Si la formation se poursuit au-del\u00e0 de vos droits \u00e0 l&rsquo;allocation ch\u00f4mage<\/h2>\n<p>Vous \u00eates en fin de droits AREF, vous pouvez b\u00e9n\u00e9ficier de la r\u00e9mun\u00e9ration de fin de formation (RFF) si la formation est \u00e9ligible \u00e0 ce dispositif.<\/p>\n<p>Par contre, cette formation doit vous permettre :<\/p>\n<ul>\n<li>d\u2019acqu\u00e9rir une qualification reconnue par un dipl\u00f4me ou un titre \u00e0 finalit\u00e9 professionnelle (consultez le\u00a0r\u00e9pertoire national des certifications professionnelles) ;<\/li>\n<li>d\u2019acc\u00e9der \u00e0 un emploi pour lequel sont identifi\u00e9es des difficult\u00e9s de recrutement : une liste des m\u00e9tiers en tension est \u00e9tablie localement par arr\u00eat\u00e9 du pr\u00e9fet de r\u00e9gion.<\/li>\n<\/ul>\n<p><em>Attention : le montant de la RFF ne peut pas exc\u00e9der 723,36\u20ac par mois, et cela quelque soit le temps de votre formation.<\/em><\/p>\n<h2>Si vous ne b\u00e9n\u00e9ficiez pas de l&rsquo;allocation ch\u00f4mage<\/h2>\n<p>Vous \u00eates en droit de percevoir la r\u00e9mun\u00e9ration des formations de P\u00f4le emploi RFPE si vous ne b\u00e9n\u00e9ficier pas d&rsquo;indemnisations li\u00e9es \u00e0 l&rsquo;allocation d&rsquo;aide au retour \u00e0 l&#8217;emploi, ARE. Vous devez \u00e9galement suivre une formation qui est financ\u00e9e par P\u00f4le emploi.<\/p>\n<p>Le montant de la r\u00e9mun\u00e9ration varie selon votre situation, ainsi que le temps hebdomadaire de votre formation. Attention la dur\u00e9e du versement est limite \u00e0 3 ans.<\/p>\n<p>L\u2019allocation sp\u00e9cifique de solidarit\u00e9 formation (ASS-F)\u00a0est le maintien de votre allocation de solidarit\u00e9 sp\u00e9cifique (ASS) pendant votre formation lorsque celle-ci n\u2019est pas financ\u00e9e par P\u00f4le emploi. Elle peut \u00e9galement vous \u00eatre accord\u00e9e (sous r\u00e9serve de remplir les conditions d\u2019attribution de l\u2019ASS) si vous arrivez au terme de vos droits (AREF, RFF ou RFPE).<\/p>\n<p>La r\u00e9mun\u00e9ration publique des stagiaires (RPS) permet de percevoir un revenu pendant une formation suivie dans le cadre de stages agr\u00e9\u00e9s par l\u2019\u00c9tat ou la R\u00e9gion. Son montant varie selon votre situation et la dur\u00e9e hebdomadaire de la formation. Sa dur\u00e9e est limit\u00e9e \u00e0 3 ans.<\/p>\n<h2>RSP et RFPE<\/h2>\n<p>Le montant varie en fonction de votre situation (dur\u00e9e de travail ant\u00e9rieure, handicap\u2026) ou de votre \u00e2ge au moment de votre entr\u00e9e en stage.<br class=\"autobr\" \/>Le montant le plus courant est de 723, 36 \u20ac.<\/p>\n<div class='cta-block'><div class='text'>Simulez toutes vos aides en 2 min.<\/div><a href='https:\/\/www.mes-allocs.fr\/ab-app?origin=guides\/wp-json\/wp\/v2\/pages\/10480' class='app-button fit'>Simulation gratuite<\/a><\/div>\n","protected":false},"excerpt":{"rendered":"<p>[Mis \u00e0 jour le 03\/04\/2026] Vous pouvez effectuer une formation sur demande de votre employeur ou en cas de retour \u00e0 l&#8217;emploi par exemple. Les diff\u00e9rentes aides en vigueur sont relativement larges, mais quelles sont les aides disponibles et sous quelles conditions sont-elles accessibles ? Mes Allocs vous dit tout ! La question de financement [&hellip;]<\/p>\n","protected":false},"author":29,"featured_media":10483,"parent":0,"menu_order":0,"comment_status":"open","ping_status":"closed","template":"","meta":{"amp_status":"","footnotes":""},"class_list":["post-10480","page","type-page","status-publish","has-post-thumbnail","hentry"],"yoast_head":"<!-- This site is optimized with the Yoast SEO plugin v14.9 - https:\/\/yoast.com\/wordpress\/plugins\/seo\/ -->\n<title>Tout savoir sur les aides \u00e0 la formation ! | Mes-Allocs.fr<\/title>\n<meta name=\"description\" content=\"Vous pouvez b\u00e9n\u00e9ficier d&#039;une aide \u00e0 la formation en cas de reconversion professionnelle. Mes Allocs vous explique en d\u00e9tail ici !\" \/>\n<meta name=\"robots\" content=\"index, follow, max-snippet:-1, max-image-preview:large, max-video-preview:-1\" \/>\n<link rel=\"canonical\" href=\"https:\/\/www.mes-allocs.fr\/guides\/aide-formation\/\" \/>\n<meta property=\"og:locale\" content=\"fr_FR\" \/>\n<meta property=\"og:type\" content=\"article\" \/>\n<meta property=\"og:title\" content=\"Tout savoir sur les aides \u00e0 la formation ! | Mes-Allocs.fr\" \/>\n<meta property=\"og:description\" content=\"Vous pouvez b\u00e9n\u00e9ficier d&#039;une aide \u00e0 la formation en cas de reconversion professionnelle. Mes Allocs vous explique en d\u00e9tail ici !\" \/>\n<meta property=\"og:url\" content=\"https:\/\/www.mes-allocs.fr\/guides\/aide-formation\/\" \/>\n<meta property=\"og:site_name\" content=\"Mes-Allocs.fr\" \/>\n<meta property=\"article:modified_time\" content=\"2026-04-03T12:35:01+00:00\" \/>\n<meta property=\"og:image\" content=\"https:\/\/www.mes-allocs.fr\/guides\/wp-content\/uploads\/2020\/07\/work-5382501_1280-e1595410704803.jpg?wsr\" \/>\n\t<meta property=\"og:image:width\" content=\"1280\" \/>\n\t<meta property=\"og:image:height\" content=\"464\" \/>\n<meta name=\"twitter:card\" content=\"summary_large_image\" \/>\n<script type=\"application\/ld+json\" class=\"yoast-schema-graph\">{\"@context\":\"https:\/\/schema.org\",\"@graph\":[{\"@type\":\"WebSite\",\"@id\":\"https:\/\/www.mes-allocs.fr\/guides\/#website\",\"url\":\"https:\/\/www.mes-allocs.fr\/guides\/\",\"name\":\"Mes-Allocs.fr\",\"description\":\"\",\"potentialAction\":[{\"@type\":\"SearchAction\",\"target\":\"https:\/\/www.mes-allocs.fr\/guides\/?s={search_term_string}\",\"query-input\":\"required name=search_term_string\"}],\"inLanguage\":\"fr-FR\"},{\"@type\":\"ImageObject\",\"@id\":\"https:\/\/www.mes-allocs.fr\/guides\/aide-formation\/#primaryimage\",\"inLanguage\":\"fr-FR\",\"url\":\"https:\/\/www.mes-allocs.fr\/guides\/wp-content\/uploads\/2020\/07\/work-5382501_1280-e1595410704803.jpg?wsr\",\"width\":1280,\"height\":464,\"caption\":\"work 5382501 1280 e1595410704803\"},{\"@type\":\"WebPage\",\"@id\":\"https:\/\/www.mes-allocs.fr\/guides\/aide-formation\/#webpage\",\"url\":\"https:\/\/www.mes-allocs.fr\/guides\/aide-formation\/\",\"name\":\"Tout savoir sur les aides \\u00e0 la formation ! | Mes-Allocs.fr\",\"isPartOf\":{\"@id\":\"https:\/\/www.mes-allocs.fr\/guides\/#website\"},\"primaryImageOfPage\":{\"@id\":\"https:\/\/www.mes-allocs.fr\/guides\/aide-formation\/#primaryimage\"},\"datePublished\":\"2020-08-07T14:53:48+00:00\",\"dateModified\":\"2026-04-03T12:35:01+00:00\",\"description\":\"Vous pouvez b\\u00e9n\\u00e9ficier d'une aide \\u00e0 la formation en cas de reconversion professionnelle. Mes Allocs vous explique en d\\u00e9tail ici !\",\"inLanguage\":\"fr-FR\"}]}<\/script>\n<!-- \/ Yoast SEO plugin. -->","amp_validity":null,"acf":{"faq":{"1":{"question":"Comment obtenir une aide financi\u00e8re pour une formation ?","answer":"Le financement de votre formation se fait pa  Fongecif, l'Opacif ou l'OPCA de votre employeur. Peut importe l'organisme qui finance votre formation, votre employeur y a cotis\u00e9 au titre de la formation. C'est ainsi qu'est prise en charge la formation ainsi que le maintien de votre salaire jusqu'\u00e0 la hauteur de deux fois le SMIC."},"2":{"question":"Quelles aides pour une formation ?","answer":"Plusieurs dispositifs sont en vigueur pour vous former, soit en cas de demande de votre employeur, soit en cas de reconversion professionnelle : \r\nAllocation d'aide au retour \u00e0 l'emploi (ARE)\r\nAllocation sp\u00e9cifique de reclassement (ASR)\r\nAllocation convention de reclassement personnalis\u00e9 (CRP) en contrat de transition professionnelle (ATP)\r\nAllocation de s\u00e9curisation professionnelle (ASP)"},"3":{"question":"Comment demander un financement de formation au conseil g\u00e9n\u00e9ral ?","answer":"Vous devez d\u00e9poser un dossier de demande de prise en charge au Fongecif de votre r\u00e9gion."},"4":{"question":"Quand est-ce que la r\u00e9gion paye pour la formation ? ","answer":"Elle est vers\u00e9e \u00e0 tous les stagiaires r\u00e9mun\u00e9r\u00e9s \u00e0 l'\u00e2ge ou \u00e0 652,02 \u20ac par la R\u00e9gion d\u00e8s lors que la distance \u00e0 parcourir entre le domicile administratif du stagiaire et son lieu de formation est sup\u00e9rieure \u00e0 15 kilom\u00e8tres."},"5":{"question":"Comment b\u00e9n\u00e9ficier d'une formation professionnelle ?","answer":"Pour b\u00e9n\u00e9ficier d'une formation continue, le salari\u00e9 doit disposer d'un compte personnel de formation (CPF) qui consiste en la comptabilisation des heures de formation acquises durant ses ann\u00e9es de travail plafonn\u00e9es \u00e0 150 heures. "},"6":{"question":"Quand est cr\u00e9dit\u00e9 le compte CPF ?","answer":"Il est aliment\u00e9 automatiquement en fin d'ann\u00e9e, en fonction de vos heures travaill\u00e9es. Vos droits demeurent, m\u00eame en cas de perte d'emploi. Vous pouvez dans ce cas utiliser les heures que vous avez cumul\u00e9es pour financer des formations."},"7":{"question":"","answer":""},"8":{"question":"","answer":""},"9":{"question":"","answer":""},"10":{"question":"","answer":""},"11":{"question":"","answer":""},"12":{"question":"","answer":""},"13":{"question":"","answer":""},"14":{"question":"","answer":""},"15":{"question":"","answer":""},"16":{"question":"","answer":""}}},"_links":{"self":[{"href":"https:\/\/www.mes-allocs.fr\/guides\/wp-json\/wp\/v2\/pages\/10480","targetHints":{"allow":["GET"]}}],"collection":[{"href":"https:\/\/www.mes-allocs.fr\/guides\/wp-json\/wp\/v2\/pages"}],"about":[{"href":"https:\/\/www.mes-allocs.fr\/guides\/wp-json\/wp\/v2\/types\/page"}],"author":[{"embeddable":true,"href":"https:\/\/www.mes-allocs.fr\/guides\/wp-json\/wp\/v2\/users\/29"}],"replies":[{"embeddable":true,"href":"https:\/\/www.mes-allocs.fr\/guides\/wp-json\/wp\/v2\/comments?post=10480"}],"version-history":[{"count":22,"href":"https:\/\/www.mes-allocs.fr\/guides\/wp-json\/wp\/v2\/pages\/10480\/revisions"}],"predecessor-version":[{"id":111501,"href":"https:\/\/www.mes-allocs.fr\/guides\/wp-json\/wp\/v2\/pages\/10480\/revisions\/111501"}],"wp:featuredmedia":[{"embeddable":true,"href":"https:\/\/www.mes-allocs.fr\/guides\/wp-json\/wp\/v2\/media\/10483"}],"wp:attachment":[{"href":"https:\/\/www.mes-allocs.fr\/guides\/wp-json\/wp\/v2\/media?parent=10480"}],"curies":[{"name":"wp","href":"https:\/\/api.w.org\/{rel}","templated":true}]}}